e the prime factors of v?
2, 17
Let s = -59 - -42. What are the prime factors of 1207/s*-1*1?
71
Suppose 1236 = 2*y + t, y - 2*t = 428 + 200. What are the prime factors of y?
2, 5, 31
Let j = 97 - -200. List the prime factors of j.
3, 11
Suppose -2*v + 18 = 8. Suppose -73 = -v*k + 7. List the prime factors of k.
2
What are the prime factors of 20/150 - (-29739)/45?
661
Let s(y) = 7*y**3 + y**2 - 3*y + 2. Let l(d) = -d**3 - 3*d**2 - 3*d - 7. Let k be l(-3). List the prime factors of s(k).
2, 7
Let g(x) = -x**3 + 4*x**2 - x - 2. Let k be (0 - (3 + -4))/(-1) + -3. What are the prime factors of g(k)?
2, 5, 13
Let u(n) = -n**3 - n**2 + 66*n + 16. What are the prime factors of u(-15)?
2, 17
Let q = 34 - 15. Suppose a + 5 = -q. Let n = a - -69. What are the prime factors of n?
3, 5
Suppose 2*h = -4*h + 18. Suppose h*x = 5*c - 328, 2*c - 140 = x - 2*x. What are the prime factors of c?
2, 17
Let o = -8 - 9. Let r = 18 + o. Let g(w) = 19*w**2 + w. What are the prime factors of g(r)?
2, 5
Suppose 4*h = -3*b + 2*h + 982, 1306 = 4*b + h. What are the prime factors of b?
2, 163
Suppose 5*b - 4*v = -0*v - 20, -3*v = -b - 15. Suppose 0 = -4*d - 3*t + 20 + 41, 2*d + t - 31 = b. What are the prime factors of d?
2
Let z(c) = -2*c - 12. Let v be z(-10). Suppose 4*l + v + 4 = 4*a, 4*a + l = 32. Suppose 4*x = a*x - 165. List the prime factors of x.
5, 11
Let t(w) = 2*w**2 - w + 65. What are the prime factors of t(0)?
5, 13
Let a be -5 - 0 - (-23 - 2). Let n(v) = 13*v - 50. List the prime factors of n(a).
2, 3, 5, 7
Let x(l) = -137*l - 42. List the prime factors of x(-19).
13, 197
Suppose -70 = -g - 4*g + p, 4*p = 0. Suppose -2*k + g - 2 = 0. List the prime factors of k.
2, 3
Let p(z) = -z**2 + 84*z - 279. What are the prime factors of p(62)?
5, 7, 31
Let x be ((2 - -6) + -4)/(-2). List the prime factors of x/(-3) + 1440/27.
2, 3
Let l(b) = -b**3 - 8*b**2 - 16*b - 6. Let x be (0 - -14)/((-4)/2*1). List the prime factors of l(x).
3, 19
Let z = 15 - 10. Let w be 1*1/(-2)*0. Suppose -z = -c - s, w = -5*c + s + 35 + 20. What are the prime factors of c?
2, 5
Let d(i) = 16*i**2 + 9*i - 2. List the prime factors of d(3).
13
Suppose 5*i + 5*a - 21355 = 0, -26*i + 25*i = -3*a - 4267. What are the prime factors of i?
2, 5, 7, 61
Let p be -2 + -1 + 0 + -3. Let c(h) = -h**3 - 5*h**2 + 5*h - 3. Let i be c(p). Suppose -2*m - 4*q = -54, i*m - 27 = 2*q + 46. List the prime factors of m.
5
Suppose 187*p + 1308 = 191*p. List the prime factors of p.
3, 109
List the prime factors of ((-20145)/10)/(3 + 90/(-24)).
2, 17, 79
What are the prime factors of 2/(-15) - (-469880)/600?
3, 29
Suppose 0*d + 5*d = -25. Let b(h) = -8*h**2 - 10*h + 6. Let l(f) = -f**2 - f. Let r(g) = -b(g) + 6*l(g). What are the prime factors of r(d)?
2, 3
Suppose -3*a = -5*n + 2418, 3*a = 7*n - 3*n - 1932. Suppose 37*t = 43*t - n. What are the prime factors of t?
3
Let y(j) = j**2 + 7*j + 1. Let b be y(-6). Let t be (-35*2)/(3 + b). Let c = 60 - t. What are the prime factors of c?
5
Let y be -7 - -2 - (-6)/(-2). Let b be (11 + -3)/(-4) + 14. Let c = b + y. What are the prime factors of c?
2
Let s(a) = -92*a**2 - a. Let w be s(-1). Let q = 230 + w. List the prime factors of q.
139
Suppose -11*u + 9*u = -72. Suppose 4*p + 16 + u = 0. Let r = p + 40. What are the prime factors of r?
3
Let m = 138 - -887. List the prime factors of m.
5, 41
Let k(i) = 2 - 2 - i. Let m be k(2). What are the prime factors of (m - -17)/(1/2)?
2, 3, 5
Let j = 3 + 2. Suppose 0 = -n + 2*n - j*x - 34, x - 178 = -4*n. What are the prime factors of n?
2, 11
Let h(y) = -6 - 1 + 7*y + 5 + 7. Suppose 4*s - s = 9. List the prime factors of h(s).
2, 13
Let j = 1254 + -669. List the prime factors of j.
3, 5, 13
List the prime factors of 762 + 4 + 6/2.
769
Let c = -14 + 13. Let g = -4 + c. What are the prime factors of (12/(-10))/(2/g)?
3
Let w(i) = -i**3 + 4*i**2 + 5*i + 10. Let v(q) = -3*q**2 - q. Let m be v(1). What are the prime factors of w(m)?
2, 59
Let b(h) = 44*h + 2 + 8 - 30*h. Let k(m) = 5*m + 3. Let t(j) = 4*b(j) - 11*k(j). What are the prime factors of t(0)?
7
Suppose -6*p - 46 = -4726. What are the prime factors of p?
2, 3, 5, 13
Let c(n) = -2*n**2 - 14*n + 6. Let z be c(-7). List the prime factors of (-169)/(-3)*(16 - -2)/z.
13
Suppose 2*y = 3*w + 12, -5*y - 4*w + 45 = -8. What are the prime factors of 704/y + 4/(-18)?
2, 3, 13
Suppose -78*x - 53*x + 8122 = 0. List the prime factors of x.
2, 31
Let y(r) = -32*r + 50. What are the prime factors of y(-11)?
2, 3, 67
Let p be -1*(-3 - (8 + 2))*2. Suppose -5*u = -p - 64. List the prime factors of u.
2, 3
Let h(n) = 248*n + 15. List the prime factors of h(3).
3, 11, 23
Let p = 69 - 64. Suppose -9*k + p*k = -728. What are the prime factors of k?
2, 7, 13
Suppose 2 = -5*a + 22. Let n be a/20 + 1488/10. Suppose -5*w - 4 = -n. List the prime factors of w.
29
Let z = 17 + -38. What are the prime factors of 3/21 + (-1404)/z?
67
Let k(g) = g**3 - 3*g**2 + 3*g + 12. Let c be k(4). Let x = c + 121. What are the prime factors of x?
7, 23
Let z be (-8)/2 - (10 + -8). Let i be (4 + (-28)/6)*z. Suppose 4*n + 3*j - 78 = j, i*n + j = 81. What are the prime factors of n?
3, 7
Let m(l) = 3*l**2 - 5*l - 4. Let u be m(7). Let v = 32 - 106. Let w = u + v. What are the prime factors of w?
2, 17
Let m(g) = -116*g + 10. Let y be m(-15). Suppose 0 = 15*l - y - 1190. What are the prime factors of l?
2, 7
Let z be 1*(-4)/(-8)*0. Suppose z*r + 38 = r. Suppose -5*x - 2*l = -0*l - r, -x + 7 = l. List the prime factors of x.
2
Let n(h) = -10*h + 45. Let p(o) = -9*o + 46. Let a(w) = -5*n(w) + 4*p(w). What are the prime factors of a(21)?
11, 23
Let k = -2 + 6. Suppose -234 = -2*z - 4*z. Suppose i - k*i = -z. What are the prime factors of i?
13
List the prime factors of (-1208)/(-14)*(-14)/(-4).
2, 151
Suppose 3*w = 5*m - 10*m + 100, 3*m = -w + 60. Suppose 0 = 5*o - m, -9 = g + 2*o - 168. What are the prime factors of g?
151
Let t(i) = -17*i**3 - 3*i**2 - 11*i - 5. What are the prime factors of t(-4)?
13, 83
Let j = 1 + 2. Let k(r) = -r**3 + 10*r**2 - 3*r - 17. Let c be k(8). Suppose -j*t = i - c, 0 = -t + 5*i - 4*i + 25. What are the prime factors of t?
2, 7
Let c(x) = -28*x**3 - 37*x**2 + 3*x - 6. List the prime factors of c(-6).
2, 3, 17, 23
Let l(m) = 4363*m**3 - 9*m**2 + 9*m + 1. List the prime factors of l(1).
2, 1091
Suppose 0 = -4*u - 3 + 31. Suppose -2*v + u*v = 0. Let k = v + 5. What are the prime factors of k?
5
Suppose 0 = z - 21 + 4. Let y = z + -11. Suppose y*d - d + 3*s - 138 = 0, 5*s - 59 = -2*d. What are the prime factors of d?
3
Suppose 0 = -5*a - 3*w + 20558, 28*w + 4094 = a + 33*w. List the prime factors of a.
2, 11, 17
Suppose -8*j + 12 + 20 = 0. Suppose -2*y + 0*l + 286 = 2*l, j*l = -5*y + 716. What are the prime factors of y?
2, 3
Let y(h) = h**2 + 4*h - 6. Let z be y(-6). Suppose z*w - 3*w - 84 = 0. List the prime factors of w.
2, 7
Let j be 0/((-54)/6)*(-1)/1. Suppose -x - 5*w = -j*x - 326, 0 = -4*w - 12. What are the prime factors of x?
11, 31
Let h = 1161 - 387. List the prime factors of h.
2, 3, 43
What are the prime factors of 67*(-23)/(-1)*(4 + -3)?
23, 67
List the prime factors of (-10)/30 + (-920)/(-6).
3, 17
Let f = 59 + -55. Suppose -2*c = -3*m + c + 540, -f*m = c - 720. List the prime factors of m.
2, 3, 5
Suppose -3127 = 16*g - 27127. What are the prime factors of g?
2, 3, 5
Let d = 648 - -126. What are the prime factors of d?
2, 3, 43
Let g(l) = -5*l**2 - 17*l - 6. Let b(k) = 9*k**2 + 34*k + 11. Let x(f) = -6*b(f) - 11*g(f). List the prime factors of x(18).
2, 3
Let r = -13 + 13. Suppose -9 = -3*y, 3*n = -r*y - 4*y - 54. List the prime factors of ((-10)/(-4))/((-11)/n).
5
Let b = -1885 + 2720. Suppose 0 = -5*l - 5*m + b, m = -3*l + 5*m + 536. What are the prime factors of l?
2, 43
Let a = 17 - -41. Let v = a - 40. What are the prime factors of v?
2, 3
What are the prime factors of (-1561)/(-4) + 2/(-8)*1?
2, 3, 5, 13
Let d be 0/1 + 3 + -204. Let n = d + 525. What are the prime factors of ((-2)/4)/((-9)/n)?
2, 3
Let y be 0/1 + (-32)/(-1). Let a = y - 22. What are the prime factors of a?
2, 5
Let z be 1/2 + 258/(-12). Let d(u) = u**3 + 20*u**2 - 21*u + 40. What are the prime factors of d(z)?
2, 5
Suppose 0 = 3*f + 2*l - 4, 7 + 3 = 5*l. Let c be 63/6 + 4/(-8). Suppose f*b + b = c. What are